{"version":"1.0","provider_name":"Porta Mallorquina Blog","provider_url":"https:\/\/www.porta-mallorquina.es\/blog","author_name":"Porta Mallorquina","author_url":"https:\/\/www.porta-mallorquina.es\/blog\/author\/petraz\/","title":"La vida con caballos en Mallorca - Porta Mallorquina Blog","type":"rich","width":600,"height":338,"html":"<blockquote class=\"wp-embedded-content\" data-secret=\"eosnk0nm6U\"><a href=\"https:\/\/www.porta-mallorquina.es\/blog\/la-vida-con-caballos-en-mallorca\/\">La vida con caballos en Mallorca<\/a><\/blockquote><iframe sandbox=\"allow-scripts\" security=\"restricted\" src=\"https:\/\/www.porta-mallorquina.es\/blog\/la-vida-con-caballos-en-mallorca\/embed\/#?secret=eosnk0nm6U\" width=\"600\" height=\"338\" title=\"&#8220;La vida con caballos en Mallorca&#8221; &#8212; Porta Mallorquina Blog\" data-secret=\"eosnk0nm6U\" frameborder=\"0\" marginwidth=\"0\" marginheight=\"0\" scrolling=\"no\" class=\"wp-embedded-content\"><\/iframe><script type=\"text\/javascript\">\n\/* <![CDATA[ *\/\n\/*! This file is auto-generated *\/\n!function(d,l){\"use strict\";l.querySelector&&d.addEventListener&&\"undefined\"!=typeof URL&&(d.wp=d.wp||{},d.wp.receiveEmbedMessage||(d.wp.receiveEmbedMessage=function(e){var t=e.data;if((t||t.secret||t.message||t.value)&&!\/[^a-zA-Z0-9]\/.test(t.secret)){for(var s,r,n,a=l.querySelectorAll('iframe[data-secret=\"'+t.secret+'\"]'),o=l.querySelectorAll('blockquote[data-secret=\"'+t.secret+'\"]'),c=new RegExp(\"^https?:$\",\"i\"),i=0;i<o.length;i++)o[i].style.display=\"none\";for(i=0;i<a.length;i++)s=a[i],e.source===s.contentWindow&&(s.removeAttribute(\"style\"),\"height\"===t.message?(1e3<(r=parseInt(t.value,10))?r=1e3:~~r<200&&(r=200),s.height=r):\"link\"===t.message&&(r=new URL(s.getAttribute(\"src\")),n=new URL(t.value),c.test(n.protocol))&&n.host===r.host&&l.activeElement===s&&(d.top.location.href=t.value))}},d.addEventListener(\"message\",d.wp.receiveEmbedMessage,!1),l.addEventListener(\"DOMContentLoaded\",function(){for(var e,t,s=l.querySelectorAll(\"iframe.wp-embedded-content\"),r=0;r<s.length;r++)(t=(e=s[r]).getAttribute(\"data-secret\"))||(t=Math.random().toString(36).substring(2,12),e.src+=\"#?secret=\"+t,e.setAttribute(\"data-secret\",t)),e.contentWindow.postMessage({message:\"ready\",secret:t},\"*\")},!1)))}(window,document);\n\/\/# sourceURL=https:\/\/www.porta-mallorquina.es\/blog\/wp-includes\/js\/wp-embed.min.js\n\/* ]]> *\/\n<\/script>\n","description":"Se sabe que toda la felicidad est\u00e1 a lomos de un caballo. Si el caballo todav\u00eda vive en su propia finca en Mallorca, \u00a1la felicidad es perfecta! En Mallorca hay muchas fincas que est\u00e1n de acuerdo con la cr\u00eda de caballos, muchas de las casas de campo fueron usadas antiguamente para fines agr\u00edcolas y ya [&hellip;]","thumbnail_url":"https:\/\/www.porta-mallorquina.es\/blog\/mallorca\/101129-finca-umgeben-vom-oasenambiente1.jpg"}

Se sabe que toda la felicidad está a lomos de un caballo. Si el caballo todavía vive en su propia finca en Mallorca, ¡la felicidad es perfecta! En Mallorca hay muchas fincas que están de acuerdo con la cría de caballos, muchas de las casas de campo fueron usadas antiguamente para fines agrícolas y ya [&hellip;]
