{"version":"1.0","provider_name":"Porta Mallorquina Blog","provider_url":"https:\/\/www.porta-mallorquina.es\/blog","author_name":"Porta Mallorquina","author_url":"https:\/\/www.porta-mallorquina.es\/blog\/author\/petraz\/","title":"Mallorca arranca una prometedora temporada 2022 - Porta Mallorquina Blog","type":"rich","width":600,"height":338,"html":"<blockquote class=\"wp-embedded-content\" data-secret=\"MTF6DUy8vD\"><a href=\"https:\/\/www.porta-mallorquina.es\/blog\/mallorca-arranca-una-prometedora-temporada-2022\/\">Mallorca arranca una prometedora temporada 2022<\/a><\/blockquote><iframe sandbox=\"allow-scripts\" security=\"restricted\" src=\"https:\/\/www.porta-mallorquina.es\/blog\/mallorca-arranca-una-prometedora-temporada-2022\/embed\/#?secret=MTF6DUy8vD\" width=\"600\" height=\"338\" title=\"&#8220;Mallorca arranca una prometedora temporada 2022&#8221; &#8212; Porta Mallorquina Blog\" data-secret=\"MTF6DUy8vD\" frameborder=\"0\" marginwidth=\"0\" marginheight=\"0\" scrolling=\"no\" class=\"wp-embedded-content\"><\/iframe><script type=\"text\/javascript\">\n\/* <![CDATA[ *\/\n\/*! This file is auto-generated *\/\n!function(d,l){\"use strict\";l.querySelector&&d.addEventListener&&\"undefined\"!=typeof URL&&(d.wp=d.wp||{},d.wp.receiveEmbedMessage||(d.wp.receiveEmbedMessage=function(e){var t=e.data;if((t||t.secret||t.message||t.value)&&!\/[^a-zA-Z0-9]\/.test(t.secret)){for(var s,r,n,a=l.querySelectorAll('iframe[data-secret=\"'+t.secret+'\"]'),o=l.querySelectorAll('blockquote[data-secret=\"'+t.secret+'\"]'),c=new RegExp(\"^https?:$\",\"i\"),i=0;i<o.length;i++)o[i].style.display=\"none\";for(i=0;i<a.length;i++)s=a[i],e.source===s.contentWindow&&(s.removeAttribute(\"style\"),\"height\"===t.message?(1e3<(r=parseInt(t.value,10))?r=1e3:~~r<200&&(r=200),s.height=r):\"link\"===t.message&&(r=new URL(s.getAttribute(\"src\")),n=new URL(t.value),c.test(n.protocol))&&n.host===r.host&&l.activeElement===s&&(d.top.location.href=t.value))}},d.addEventListener(\"message\",d.wp.receiveEmbedMessage,!1),l.addEventListener(\"DOMContentLoaded\",function(){for(var e,t,s=l.querySelectorAll(\"iframe.wp-embedded-content\"),r=0;r<s.length;r++)(t=(e=s[r]).getAttribute(\"data-secret\"))||(t=Math.random().toString(36).substring(2,12),e.src+=\"#?secret=\"+t,e.setAttribute(\"data-secret\",t)),e.contentWindow.postMessage({message:\"ready\",secret:t},\"*\")},!1)))}(window,document);\n\/\/# sourceURL=https:\/\/www.porta-mallorquina.es\/blog\/wp-includes\/js\/wp-embed.min.js\n\/* ]]> *\/\n<\/script>\n","thumbnail_url":"https:\/\/www.porta-mallorquina.es\/blog\/mallorca\/115576_2-scaled.jpg","thumbnail_width":2560,"thumbnail_height":1709,"description":"No s\u00f3lo en Alemania palpita con fuerza el deseo de vacaciones tras dos a\u00f1os de pandemia: Con unos 20 grados muy primaverales, cientos de miles de veraneantes de toda Europa vienen a pasar las vacaciones de Semana Santa en Mallorca. Las restricciones impuestas por el Coronavirus se est\u00e1n flexibilizando y el 19 de abril se ha eliminado el uso obligatorio de la mascarilla. As\u00ed, la isla de vacaciones m\u00e1s popular de Europa se adentra en una temporada 2022 muy prometedora. Los propietarios de hoteles y casas vacacionales disfrutan de un r\u00e9cord de reservas."}

No sólo en Alemania palpita con fuerza el deseo de vacaciones tras dos años de pandemia: Con unos 20 grados muy primaverales, cientos de miles de veraneantes de toda Europa vienen a pasar las vacaciones de Semana Santa en Mallorca. Las restricciones impuestas por el Coronavirus se están flexibilizando y el 19 de abril se ha eliminado el uso obligatorio de la mascarilla. Así, la isla de vacaciones más popular de Europa se adentra en una temporada 2022 muy prometedora. Los propietarios de hoteles y casas vacacionales disfrutan de un récord de reservas.
